{"id":194,"date":"2016-03-21T16:20:50","date_gmt":"2016-03-21T16:20:50","guid":{"rendered":"http:\/\/dentalpartenope.it\/?page_id=194"},"modified":"2016-03-21T19:07:47","modified_gmt":"2016-03-21T19:07:47","slug":"chirurgia-orale","status":"publish","type":"page","link":"https:\/\/dentalpartenope.it\/index.php\/trattamenti\/chirurgia-orale\/","title":{"rendered":"Chirurgia Orale"},"content":{"rendered":"<div id=\"pl-194\"><div class=\"panel-grid\" id=\"pg-194-0\" ><div class=\"siteorigin-panels-stretch iw-med-up iw-all sydney-stretch panel-row-style\" style=\"padding: 0px 0; \" data-stretch-type=\"full-stretched\" ><div class=\"panel-grid-cell\" id=\"pgc-194-0-0\" ><div class=\"so-panel widget widget_sow-hero panel-first-child panel-last-child\" id=\"panel-194-0-0-0\"><div class=\"so-widget-sow-hero so-widget-sow-hero-default-064bc4cdd250\"><div class=\"sow-slider-base \" style=\"display: none\"><ul class=\"sow-slider-images\" data-settings=\"{&quot;pagination&quot;:true,&quot;speed&quot;:800,&quot;timeout&quot;:8000}\">\t\t<li class=\"sow-slider-image sow-slider-image-cover\" style=\"background-color: #1e73be\"  >\n\t\t\t\t\t<div class=\"sow-slider-image-container\">\n\t\t\t<div class=\"sow-slider-image-wrapper\">\n\t\t\t\t\t\t\t<\/div>\n\t\t<\/div>\n\t\t<div class=\"sow-slider-image-overlay sow-slider-image-cover\" style=\"background-image: url(https:\/\/dentalpartenope.it\/wp-content\/uploads\/2016\/03\/cropped-dental-partenope.jpg); opacity: 0.48;\" ><\/div>\t\t<\/li>\n\t\t<\/ul>\t\t\t\t<ol class=\"sow-slider-pagination\">\n\t\t\t\t\t\t\t\t\t\t\t<li><a href=\"#\" data-goto=\"0\">1<\/a><\/li>\n\t\t\t\t\t\t\t\t\t<\/ol>\n\n\t\t\t\t<div class=\"sow-slide-nav sow-slide-nav-next\">\n\t\t\t\t\t<a href=\"#\" data-goto=\"next\" data-action=\"next\">\n\t\t\t\t\t\t<em class=\"sow-sld-icon-thin-right\"><\/em>\n\t\t\t\t\t<\/a>\n\t\t\t\t<\/div>\n\n\t\t\t\t<div class=\"sow-slide-nav sow-slide-nav-prev\">\n\t\t\t\t\t<a href=\"#\" data-goto=\"previous\" data-action=\"prev\">\n\t\t\t\t\t\t<em class=\"sow-sld-icon-thin-left\"><\/em>\n\t\t\t\t\t<\/a>\n\t\t\t\t<\/div>\n\t\t\t\t<\/div><\/div><\/div><\/div><\/div><\/div><div class=\"panel-grid\" id=\"pg-194-1\" ><div style=\"padding: 100px 0; \" class=\"panel-row-style\" ><div class=\"panel-grid-cell\" id=\"pgc-194-1-0\" ><div class=\"so-panel widget widget_sow-editor panel-first-child panel-last-child\" id=\"panel-194-1-0-0\"><div class=\"wow fadeIn panel-widget-style\" data-wow-offset=\"10\" data-wow-iteration=\"1\" ><div class=\"so-widget-sow-editor so-widget-sow-editor-base\">\n<div class=\"siteorigin-widget-tinymce textwidget\">\n\t<h2>Chirurgia orale<\/h2>\n<p style=\"text-align: justify;\">La\u00a0chirurgia odontostomatologica\u00a0si occupa:<\/p>\n<ol style=\"text-align: justify;\">\n<li>Dell\u2019estrazione di denti molto malati o distrutti che non \u00e8 possibile salvare con altra terapia (per esempio con l\u2019endodonzia);<\/li>\n<li>Dell\u2019estrazione di residui radicolari;<\/li>\n<li>Di frenulectomie;<\/li>\n<li>Di alveoplastiche;<\/li>\n<li>Della rimozione di radici o denti rimasti inclusi o semi-inclusi nell\u2019osso come gli ottavi in disodontiasi;<\/li>\n<li>Di asportazione dell\u2019apice di denti coinvolti in processi infiammatori quando non trattabili con la sola endodonzia;<\/li>\n<li>Di asportazione di cisti e tumori e neoformazioni del cavo orale.<\/li>\n<li>A tale scopo implantoprotesico pu\u00f2 rendersi necessaria l\u2019elevazione del pavimento del seno mascellare mediante innesto di materiale biocompatibile (osso autologo o eterologo, fattore di crescita derivante dalle piastrine, ecc\u2026).<\/li>\n<\/ol>\n<p style=\"text-align: justify;\">Nella nostra sede, i nostri specialisti operano con tecniche \u201csoft\u201d ovvero a basso impatto biologico, indolori, poco invalidanti per il paziente e con tempi di guarigione ridotti.<\/p>\n<p style=\"text-align: justify;\">Tali soluzioni sono applicabili in tutti i casi clinici, dai pi\u00f9 semplici ai pi\u00f9 complessi con successi duraturi nel tempo. Nuove tecniche e materiali implantari pi\u00f9 sofisticati consentono oggi di posizionare (su indicazione medica) protesi fisse immediate dopo alcune ore.<\/p>\n<p style=\"text-align: justify;\">Grazie all\u2019esperienza dei nostri chirurghi, possiamo affrontare situazioni compromesse in partenza e risolvere i casi pi\u00f9 problematici connessi alla presenza di protesi mobili e alla mancanza di uno o pi\u00f9 elementi dentari.<\/p>\n<\/div>\n<\/div><\/div><\/div><\/div><\/div><\/div><\/div>","protected":false},"excerpt":{"rendered":"<p>1 Chirurgia orale La\u00a0chirurgia odontostomatologica\u00a0si occupa: Dell\u2019estrazione di denti molto malati o distrutti che non \u00e8 possibile salvare con altra terapia (per esempio con l\u2019endodonzia); Dell\u2019estrazione di residui radicolari; Di frenulectomie; Di alveoplastiche; Della rimozione di radici o denti rimasti inclusi o semi-inclusi nell\u2019osso come gli ottavi in disodontiasi; Di asportazione dell\u2019apice di denti coinvolti [&hellip;]<\/p>\n","protected":false},"author":1,"featured_media":0,"parent":13,"menu_order":0,"comment_status":"closed","ping_status":"closed","template":"page-templates\/page_front-page.php","meta":[],"_links":{"self":[{"href":"https:\/\/dentalpartenope.it\/index.php\/wp-json\/wp\/v2\/pages\/194"}],"collection":[{"href":"https:\/\/dentalpartenope.it\/index.php\/wp-json\/wp\/v2\/pages"}],"about":[{"href":"https:\/\/dentalpartenope.it\/index.php\/wp-json\/wp\/v2\/types\/page"}],"author":[{"embeddable":true,"href":"https:\/\/dentalpartenope.it\/index.php\/wp-json\/wp\/v2\/users\/1"}],"replies":[{"embeddable":true,"href":"https:\/\/dentalpartenope.it\/index.php\/wp-json\/wp\/v2\/comments?post=194"}],"version-history":[{"count":4,"href":"https:\/\/dentalpartenope.it\/index.php\/wp-json\/wp\/v2\/pages\/194\/revisions"}],"predecessor-version":[{"id":242,"href":"https:\/\/dentalpartenope.it\/index.php\/wp-json\/wp\/v2\/pages\/194\/revisions\/242"}],"up":[{"embeddable":true,"href":"https:\/\/dentalpartenope.it\/index.php\/wp-json\/wp\/v2\/pages\/13"}],"wp:attachment":[{"href":"https:\/\/dentalpartenope.it\/index.php\/wp-json\/wp\/v2\/media?parent=194"}],"curies":[{"name":"wp","href":"https:\/\/api.w.org\/{rel}","templated":true}]}}